*q + 1657, -r - q + 5*q = -h. List the prime factors of r.
3, 37
Let z(y) = y**2 + 16*y - 12. Let v be z(-17). Suppose j + 19 = 4*b + b, -2*b + v*j = -3. Suppose b*l - 105 - 87 = 0. List the prime factors of l.
2, 3
Let k(m) = 24*m**2 + 19*m - 118. Let n be k(16). Suppose n = -39*y + 54*y. What are the prime factors of y?
2, 211
Let v = -67 - -46. Suppose -3*f = -12, 0 = -4*i + 21*f - 24*f + 592. Let t = i + v. List the prime factors of t.
2, 31
Suppose -w + 28 = 3*w. Let m = w - 3. Suppose m*d - 97 = -37. What are the prime factors of d?
3, 5
Suppose -m + 288 + 552 = -5*l, -3235 = -4*m - 5*l. What are the prime factors of m?
5, 163
Suppose -101*o + 0*o + 424402 = 0. List the prime factors of o.
2, 11, 191
Let f = 41614 + -344. List the prime factors of f.
2, 5, 4127
Let w = 224 - 200. What are the prime factors of 3 + w/12 + (-464)/(-1)?
7, 67
Suppose -2*a - 20 = 2*t, 0 = t - 6*a + 2*a + 25. What are the prime factors of t/((-520)/21248) + 1/(-5)?
3, 59
Let t(x) = -x**2 + 54*x - 27. Let b(k) = -18*k + 231. Let p be b(12). What are the prime factors of t(p)?
2, 3, 31
Let k(r) = -r**3 + 13*r**2 + 4*r - 5. Let o(y) = -y**2 - 8*y + 6. Let a be 11/((-55)/20) + -3 + 0. Let v be o(a). What are the prime factors of k(v)?
47
Suppose -6*z - 17 = -5. List the prime factors of (8 - -370) + z + -4.
2, 3, 31
Suppose 2*k - 204 = -5*s, -2*s - 3*s + 2*k = -216. Let p be (s/14)/(6/(-316)). Let i = p + 239. List the prime factors of i.
3
Let v(i) = 10*i**2 - 134*i + 12. Let u be v(14). Suppose o - 376 = -u. What are the prime factors of o?
2, 5, 7
Suppose 0 = -5*x + 9 + 1. Suppose -7 = -x*r + 1. Suppose o = -2*z + 71, r*z - 2 = 2*o - 160. What are the prime factors of o?
3, 5
Suppose -20470 = 371*u - 381*u. What are the prime factors of u?
23, 89
Let g = -25079 + 36900. Suppose -13253 = -14*l + g. What are the prime factors of l?
3, 199
Suppose 25 = 4*j - 3*c + 2*c, -c - 19 = -3*j. Suppose 46 + 92 = j*s. Suppose -w = 5*o - s, -4*w - 4*o = -168 + 28. What are the prime factors of w?
2, 19
Let a(q) = q**2 - 4*q - 19. Let r be a(7). Suppose -4*x = r*o + 38, 0*o = -o - x - 16. Let t(v) = -v**3 - 12*v**2 + 7*v + 1. List the prime factors of t(o).
79
Suppose 7*f + 4*n + 2 = 6*f, 4*n - 16 = -4*f. What are the prime factors of 1 + 124/f - (-125)/(-75)?
2, 5
Let d = 15480 - 2691. List the prime factors of d.
3, 7, 29
Suppose 3*t + 2*c - 65046 = 0, -86738 = -4*t - 59*c + 58*c. List the prime factors of t.
2, 7, 1549
Let i = 7566 + -150. List the prime factors of i.
2, 3, 103
Let j(y) = -1751*y + 1101. List the prime factors of j(-11).
2, 10181
Let w = 105 + -93. Let x be -5 + 5 + -4 + w. Let g(z) = 2*z**2 + 8*z + 11. List the prime factors of g(x).
7, 29
What are the prime factors of (-7752)/(-340)*(-7480)/(-12)?
2, 11, 17, 19
Let q = -103753 - -166459. What are the prime factors of q?
2, 3, 7, 1493
Suppose -103560 = -28*a + 144442 + 81978. List the prime factors of a.
5, 2357
Suppose -2111 - 2463 = 4*m + 2*p, -20 = 4*p. Let g = m + 2506. List the prime factors of g.
3, 5, 7, 13
Let t(j) = 9*j**2 - 432*j + 648. What are the prime factors of t(123)?
3, 1033
Let y = 144 + -54. Suppose -16*g + 10*g + y = 0. What are the prime factors of g?
3, 5
Let g(w) = -w**3 - 7*w**2 + 11*w - 155. List the prime factors of g(-24).
7, 13, 103
Let o(q) = 21*q + 40. Let a be o(-25). List the prime factors of a/(-3*(4 - (-11)/(-3))).
5, 97
Let z = 201 + -164. Let j be 12/20 + (-312)/20. Let a = z + j. List the prime factors of a.
2, 11
Suppose 5*v - 4974 = 11*v. Let r = v - -1237. What are the prime factors of r?
2, 3, 17
Let t = -1031 + 1464. Suppose 13*a - 48 - t = 0. What are the prime factors of a?
37
Let f(g) be the second derivative of g + 0 + 1/3*g**4 + 4*g**2 + g**3. What are the prime factors of f(-2)?
2, 3
Suppose -2*x = -4*b + 118, b + 3*b = -20. Let c = -64 - x. Suppose 2*n + 183 = c*n. What are the prime factors of n?
61
List the prime factors of (3 + 1 + 24)/((-24)/(-1536)).
2, 7
Let n = 54316 - 48296. What are the prime factors of n?
2, 5, 7, 43
Let s(w) = w + 9. Let i(d) = -2. Let c(y) = -26*i(y) - 6*s(y). Let m(z) = -23*z - 50. Let l be m(-2). List the prime factors of c(l).
2, 11
Let m be (4 - 3)/(1052/(-524) - -2). Let d = m - -148. List the prime factors of d.
17
Let a = 607 + -268. Suppose w + 2*w = a. Let r = 163 - w. List the prime factors of r.
2, 5
Suppose -3*m = -8*m - 575. Let b = 172 + m. Suppose 117 = 2*o - b. List the prime factors of o.
3, 29
Let t(s) = 3*s**2 - s + 3. Let x be t(-2). Let j(w) = -5 + x + 8 - w. What are the prime factors of j(6)?
2, 7
Let j = 25380 - 6933. What are the prime factors of j?
3, 11, 13, 43
Suppose -2*d = -4*s - 7*d + 70984, -35456 = -2*s + 2*d. List the prime factors of s.
2, 3, 739
Let u(j) = 31*j**2 + 19*j + 139. List the prime factors of u(-7).
5, 61
Let s(g) = 18*g + 56. Let r be s(-3). Suppose 4*v = i + 1904, -r*v - 4*i + 658 = -276. List the prime factors of v.
5, 19
Let y = -265 - 24. Let w be (-1)/(-3)*(y - 2). Let o = 164 + w. List the prime factors of o.
67
Let g = -453 + 483. List the prime factors of (-483070)/(-525) - 4/g.
2, 5, 23
Let j(m) = m**3 + 46*m**2 - 4*m - 855. List the prime factors of j(-26).
113
Let z(r) = -2*r**3 - 65*r**2 + 10*r - 51. Let w(y) = y**2 + 12*y + 2. Let k be w(-5). What are the prime factors of z(k)?
2, 3, 59
Let q be -5 - 91 - (4 - 2). Let z = q + 141. List the prime factors of z.
43
List the prime factors of ((-12729)/12)/((-266)/10640).
2, 5, 4243
Let s = 8 - -8. Suppose 17*i - s*i - 469 = 0. List the prime factors of i.
7, 67
Let f(x) = -2*x**3 - 40*x**2 - 65*x + 210. List the prime factors of f(-28).
2, 3, 7, 347
Let x(u) = -88*u - 137*u + 57*u - 83. What are the prime factors of x(-5)?
757
Suppose 2*c - 41*i - 10440 = -45*i, -2*i + 26092 = 5*c. What are the prime factors of c?
2, 2609
Suppose -2*q = -4*n - 7812, -4*n = 137*q - 140*q + 11708. What are the prime factors of q?
2, 487
Let c = 96 + -140. Let w = -51 - c. Let x(b) = -11*b + 13. List the prime factors of x(w).
2, 3, 5
Let u(t) = 17*t**2 + 24*t + 91. Let p be u(-15). Suppose -798 + p = 14*i. What are the prime factors of i?
197
Suppose 4*s + 15400 = 3*b, -17*b + 12*b + 25710 = 2*s. What are the prime factors of b?
2, 5, 257
Let f(g) = 99*g - 1293. List the prime factors of f(67).
2, 3, 5, 89
Let m be (-1308)/((25/(-75))/((-1)/(-3))). Suppose 233*t - 237*t = -m. List the prime factors of t.
3, 109
Suppose 0 = 3*n + 8*n - 2*c - 63226, -c + 17245 = 3*n. List the prime factors of n.
2, 3, 479
Suppose -367*p + 125408 = -335*p. What are the prime factors of p?
3919
Suppose 0 = -3*f + 6*f - 51. Suppose -f*y = -10818 + 1842. List the prime factors of y.
2, 3, 11
Let b = 103017 - 71310. What are the prime factors of b?
3, 13, 271
Let y(o) = -24*o + 46. Let w(x) = -x**2 + 2*x + 9. Let l be w(5). Let n be y(l). Let k = -116 + n. What are the prime factors of k?
2, 37
Let p(w) = 90*w + 56. Let d be p(6). Let t be 3 - (9/3 - 1). What are the prime factors of (t*1/(-1))/((-4)/d)?
149
Let a(t) = 12*t**2 + 11*t + 718. What are the prime factors of a(-20)?
2, 3, 883
Let x = -3299 - -3167. Suppose -95 = 3*m - 707. Let z = x + m. What are the prime factors of z?
2, 3
Let i(v) = 212*v - 219. Let w be 5 - ((-4)/(-10) + (-82)/205). List the prime factors of i(w).
29
Suppose r + 2*p - 127 = 906, p = -3*r + 3094. Let s = 1546 - r. What are the prime factors of s?
5, 103
Let q(g) = -g**2 + 6*g + 3. Let t be ((-2)/4)/((-1)/12). Let n be q(t). Suppose 67 = n*l - 2*j - 258, -3*j = 4*l - 405. What are the prime factors of l?
3, 5, 7
Suppose 83*p - 96*p + 133978 = 0. List the prime factors of p.
2, 5153
Suppose 5*n - 6*n + 3755 = 0. Suppose -5*j - 125 + n = 0. What are the prime factors of j?
2, 3, 11
Let z(n) = n**3 + 6*n**2 + 2*n + 2. Suppose 4*c + 19 = 6*c - 5*y, 0 = 4*c - 2*y + 2. Let j be (-3)/(3/20 - c/5). List the prime factors of z(j).
2, 13
Suppose 10*h + 33 = 21*h. Suppose 4*q = -4*l + 1396, 5*l = 6*l - h*q - 361. What are the prime factors of l?
2, 11
Suppose -5*c = 5*o + 6 + 14, -2*o - 8 = 3*c. Suppose c = -5*t + 4*g + 570, 10 = -4*g - 10. What are the prime factors of t?
2, 5, 11
Let s = 326 - -496. Let u = 1639 - s. Suppose 0 = 7*x + 47 - u. What are the prime factors of x?
2, 5, 11
Let l be (-4)/26 - 8668/(-572). Let a = 53 + l. What are